2026/03/07 16:50:13 [error] 3115#0: *2370 "/opt/cpguard/cpg-nginx/html/anoxbbtp/index.html" is not found (2: No such file or directory), client: 38.148.247.148, server: hostname, request: "GET /anoxbbtp/ HTTP/1.1", host: "103.174.50.11:9098"
2026/03/07 16:50:13 [error] 3115#0: *2372 "/opt/cpguard/cpg-nginx/html/746272/index.html" is not found (2: No such file or directory), client: 38.148.247.148, server: hostname, request: "GET /746272/ HTTP/1.1", host: "103.174.50.11:9098"
2026/03/07 16:50:14 [error] 3115#0: *2377 "/opt/cpguard/cpg-nginx/html/NOmbBUWzyplC/index.html" is not found (2: No such file or directory), client: 38.148.247.148, server: hostname, request: "GET /NOmbBUWzyplC/ HTTP/1.1", host: "103.174.50.11:9098"
2026/03/08 22:43:58 [error] 3115#0: *2401 open() "/opt/cpguard/cpg-nginx/html/favicon.ico" failed (2: No such file or directory), client: 38.148.247.151, server: hostname, request: "GET /favicon.ico HTTP/1.1", host: "103.174.50.11:9098"
2026/03/08 22:43:59 [error] 3115#0: *2403 open() "/opt/cpguard/cpg-nginx/html/favicon.ico" failed (2: No such file or directory), client: 38.148.247.151, server: hostname, request: "GET /favicon.ico HTTP/1.1", host: "103.174.50.11:9098", referrer: "https://103.174.50.11:9098/api/"
2026/03/09 10:12:55 [error] 3115#0: *2409 open() "/opt/cpguard/cpg-nginx/html/favicon.ico" failed (2: No such file or directory), client: 167.94.146.54, server: hostname, request: "GET /favicon.ico HTTP/1.1", host: "103.174.50.11:9098"
2026/03/09 10:13:07 [error] 3115#0: *2413 open() "/opt/cpguard/cpg-nginx/html/sitemap.xml" failed (2: No such file or directory), client: 167.94.146.54, server: hostname, request: "GET /sitemap.xml HTTP/1.1", host: "103.174.50.11:9098"
2026/03/09 12:40:24 [error] 3115#0: *2428 open() "/opt/cpguard/cpg-nginx/html/favicon.ico" failed (2: No such file or directory), client: 123.160.223.74, server: hostname, request: "GET /favicon.ico HTTP/1.1", host: "www.omni-isp.kmmuntasir.com:9098"
2026/03/09 17:00:21 [error] 3115#0: *2432 open() "/opt/cpguard/cpg-nginx/html/84527843.html" failed (2: No such file or directory), client: 38.148.247.149, server: hostname, request: "GET /84527843.html HTTP/1.1", host: "103.174.50.11:9098"
2026/03/09 17:00:21 [error] 3115#0: *2433 open() "/opt/cpguard/cpg-nginx/html/nginx_status" failed (2: No such file or directory), client: 38.148.247.149, server: hostname, request: "GET /nginx_status HTTP/1.1", host: "103.174.50.11:9098"
2026/03/09 17:00:21 [error] 3115#0: *2432 open() "/opt/cpguard/cpg-nginx/html/index.html/.php" failed (20: Not a directory), client: 38.148.247.149, server: hostname, request: "GET /index.html/.php HTTP/1.1", host: "103.174.50.11:9098"
2026/03/09 17:00:21 [error] 3115#0: *2432 open() "/opt/cpguard/cpg-nginx/html/84527843.php" failed (2: No such file or directory), client: 38.148.247.149, server: hostname, request: "GET /84527843.php HTTP/1.1", host: "103.174.50.11:9098"
2026/03/09 17:00:22 [error] 3115#0: *2432 open() "/opt/cpguard/cpg-nginx/html/index.php" failed (2: No such file or directory), client: 38.148.247.149, server: hostname, request: "GET /index.php HTTP/1.1", host: "103.174.50.11:9098"
2026/03/09 17:00:22 [error] 3115#0: *2432 open() "/opt/cpguard/cpg-nginx/html/84527843.txt" failed (2: No such file or directory), client: 38.148.247.149, server: hostname, request: "GET /84527843.txt HTTP/1.1", host: "103.174.50.11:9098"
2026/03/09 17:00:22 [error] 3115#0: *2432 open() "/opt/cpguard/cpg-nginx/html/robots.txt" failed (2: No such file or directory), client: 38.148.247.149, server: hostname, request: "GET /robots.txt HTTP/1.1", host: "103.174.50.11:9098"
2026/03/09 17:37:55 [error] 3115#0: *2434 open() "/opt/cpguard/cpg-nginx/html/heapdump" failed (2: No such file or directory), client: 38.148.247.150, server: hostname, request: "GET /heapdump HTTP/1.1", host: "103.174.50.11:9098"
2026/03/09 17:37:55 [error] 3115#0: *2434 open() "/opt/cpguard/cpg-nginx/html/actuator/jolokia/list" failed (2: No such file or directory), client: 38.148.247.150, server: hostname, request: "GET /actuator/jolokia/list HTTP/1.1", host: "103.174.50.11:9098"
2026/03/09 17:37:56 [error] 3115#0: *2435 open() "/opt/cpguard/cpg-nginx/html/docs" failed (2: No such file or directory), client: 38.148.247.150, server: hostname, request: "GET /docs HTTP/1.1", host: "103.174.50.11:9098"
2026/03/09 17:37:56 [error] 3115#0: *2434 open() "/opt/cpguard/cpg-nginx/html/php-cgi/php-cgi.exe" failed (2: No such file or directory), client: 38.148.247.150, server: hostname, request: "POST /php-cgi/php-cgi.exe?%add+allow_url_include%3d1+%add+auto_prepend_file%3dphp://input HTTP/1.1", host: "103.174.50.11:9098"
2026/03/09 17:37:56 [error] 3115#0: *2438 open() "/opt/cpguard/cpg-nginx/html/debug/vars" failed (2: No such file or directory), client: 38.148.247.150, server: hostname, request: "GET /debug/vars HTTP/1.1", host: "103.174.50.11:9098"
2026/03/09 17:37:56 [error] 3115#0: *2437 open() "/opt/cpguard/cpg-nginx/html/upload.html" failed (2: No such file or directory), client: 38.148.247.150, server: hostname, request: "GET /upload.html HTTP/1.1", host: "103.174.50.11:9098"
2026/03/09 17:37:56 [error] 3115#0: *2439 open() "/opt/cpguard/cpg-nginx/html/code.tar.gz" failed (2: No such file or directory), client: 38.148.247.150, server: hostname, request: "GET /code.tar.gz HTTP/1.1", host: "103.174.50.11:9098"
2026/03/09 17:37:56 [error] 3115#0: *2441 open() "/opt/cpguard/cpg-nginx/html/.rediscli_history" failed (2: No such file or directory), client: 38.148.247.150, server: hostname, request: "GET /.rediscli_history HTTP/1.1", host: "103.174.50.11:9098"
2026/03/09 17:37:56 [error] 3115#0: *2442 open() "/opt/cpguard/cpg-nginx/html/Dockerfile" failed (2: No such file or directory), client: 38.148.247.150, server: hostname, request: "GET /Dockerfile HTTP/1.1", host: "103.174.50.11:9098"
2026/03/09 17:37:56 [error] 3115#0: *2443 "/opt/cpguard/cpg-nginx/html/debug/pprof/index.html" is not found (2: No such file or directory), client: 38.148.247.150, server: hostname, request: "GET /debug/pprof/ HTTP/1.1", host: "103.174.50.11:9098"
2026/03/09 17:37:56 [error] 3115#0: *2444 open() "/opt/cpguard/cpg-nginx/html/services/AdminService" failed (2: No such file or directory), client: 38.148.247.150, server: hostname, request: "GET /services/AdminService HTTP/1.1", host: "103.174.50.11:9098"
2026/03/09 17:37:56 [error] 3115#0: *2447 open() "/opt/cpguard/cpg-nginx/html/db.sqlite" failed (2: No such file or directory), client: 38.148.247.150, server: hostname, request: "GET /db.sqlite HTTP/1.1", host: "103.174.50.11:9098"
2026/03/09 17:37:56 [error] 3115#0: *2448 open() "/opt/cpguard/cpg-nginx/html/jolokia/exec/com.sun.management:type=DiagnosticCommand/compilerDirectivesAdd/!/tmp!/xqesefkgwrlapevotm" failed (2: No such file or directory), client: 38.148.247.150, server: hostname, request: "GET https://103.174.50.11:9098/jolokia/exec/com.sun.management:type=DiagnosticCommand/compilerDirectivesAdd/!/tmp!/xqesefkgwrlapevotm HTTP/1.1", host: "103.174.50.11:9098"
2026/03/09 17:37:56 [error] 3115#0: *2451 open() "/opt/cpguard/cpg-nginx/html/.htaccess." failed (2: No such file or directory), client: 38.148.247.150, server: hostname, request: "GET /.htaccess. HTTP/1.1", host: "103.174.50.11:9098"
2026/03/09 17:37:56 [error] 3115#0: *2449 open() "/opt/cpguard/cpg-nginx/html/services/AdminService" failed (2: No such file or directory), client: 38.148.247.150, server: hostname, request: "POST /services/AdminService HTTP/1.1", host: "103.174.50.11:9098"
2026/03/09 17:37:56 [error] 3115#0: *2450 open() "/opt/cpguard/cpg-nginx/html/phpinfo.php" failed (2: No such file or directory), client: 38.148.247.150, server: hostname, request: "GET /phpinfo.php HTTP/1.1", host: "103.174.50.11:9098"
2026/03/09 17:37:56 [error] 3115#0: *2452 open() "/opt/cpguard/cpg-nginx/html/.git/config" failed (2: No such file or directory), client: 38.148.247.150, server: hostname, request: "GET /.git/config HTTP/1.1", host: "103.174.50.11:9098"
2026/03/09 17:37:56 [error] 3115#0: *2453 open() "/opt/cpguard/cpg-nginx/html/.svn/entries" failed (2: No such file or directory), client: 38.148.247.150, server: hostname, request: "GET /.svn/entries HTTP/1.1", host: "103.174.50.11:9098"
2026/03/09 17:37:56 [error] 3115#0: *2454 open() "/opt/cpguard/cpg-nginx/html/shutdown" failed (2: No such file or directory), client: 38.148.247.150, server: hostname, request: "GET /shutdown HTTP/1.1", host: "103.174.50.11:9098"
2026/03/09 17:37:56 [error] 3115#0: *2435 open() "/opt/cpguard/cpg-nginx/html/idea/workspace.xml" failed (2: No such file or directory), client: 38.148.247.150, server: hostname, request: "GET /idea/workspace.xml HTTP/1.1", host: "103.174.50.11:9098"
2026/03/09 17:37:56 [error] 3115#0: *2436 open() "/opt/cpguard/cpg-nginx/html/SOAPMonitor" failed (2: No such file or directory), client: 38.148.247.150, server: hostname, request: "GET /SOAPMonitor HTTP/1.1", host: "103.174.50.11:9098"
2026/03/09 17:37:56 [error] 3115#0: *2434 open() "/opt/cpguard/cpg-nginx/html/actuator/heapdump" failed (2: No such file or directory), client: 38.148.247.150, server: hostname, request: "GET /actuator/heapdump HTTP/1.1", host: "103.174.50.11:9098"
2026/03/09 17:37:56 [error] 3115#0: *2455 open() "/opt/cpguard/cpg-nginx/html/services/Version" failed (2: No such file or directory), client: 38.148.247.150, server: hostname, request: "GET /services/Version?xsd=../conf/axis2.xml HTTP/1.1", host: "103.174.50.11:9098"
2026/03/09 17:37:56 [error] 3115#0: *2459 open() "/opt/cpguard/cpg-nginx/html/.mysql_history" failed (2: No such file or directory), client: 38.148.247.150, server: hostname, request: "GET /.mysql_history HTTP/1.1", host: "103.174.50.11:9098"
2026/03/09 17:37:56 [error] 3115#0: *2457 open() "/opt/cpguard/cpg-nginx/html/upfile.html" failed (2: No such file or directory), client: 38.148.247.150, server: hostname, request: "GET /upfile.html HTTP/1.1", host: "103.174.50.11:9098"
2026/03/09 17:37:56 [error] 3115#0: *2439 open() "/opt/cpguard/cpg-nginx/html/src.tar.gz" failed (2: No such file or directory), client: 38.148.247.150, server: hostname, request: "GET /src.tar.gz HTTP/1.1", host: "103.174.50.11:9098"
2026/03/09 17:37:56 [error] 3115#0: *2440 open() "/opt/cpguard/cpg-nginx/html/DockerFile" failed (2: No such file or directory), client: 38.148.247.150, server: hostname, request: "GET /DockerFile HTTP/1.1", host: "103.174.50.11:9098"
2026/03/09 17:37:56 [error] 3115#0: *2443 open() "/opt/cpguard/cpg-nginx/html/servlet/AdminService" failed (2: No such file or directory), client: 38.148.247.150, server: hostname, request: "GET /servlet/AdminService HTTP/1.1", host: "103.174.50.11:9098"
2026/03/09 17:37:56 [error] 3115#0: *2445 open() "/opt/cpguard/cpg-nginx/html/db.sqlite3" failed (2: No such file or directory), client: 38.148.247.150, server: hostname, request: "GET /db.sqlite3 HTTP/1.1", host: "103.174.50.11:9098"
2026/03/09 17:37:56 [error] 3115#0: *2451 open() "/opt/cpguard/cpg-nginx/html/.htaccess.bak" failed (2: No such file or directory), client: 38.148.247.150, server: hostname, request: "GET /.htaccess.bak HTTP/1.1", host: "103.174.50.11:9098"
2026/03/09 17:37:56 [error] 3115#0: *2448 open() "/opt/cpguard/cpg-nginx/html/actuator/jolokia/exec/com.sun.management:type=DiagnosticCommand/compilerDirectivesAdd/!/tmp!/xqesefkgwrlapevotm" failed (2: No such file or directory), client: 38.148.247.150, server: hostname, request: "GET https://103.174.50.11:9098/actuator/jolokia/exec/com.sun.management:type=DiagnosticCommand/compilerDirectivesAdd/!/tmp!/xqesefkgwrlapevotm HTTP/1.1", host: "103.174.50.11:9098"
2026/03/09 17:37:56 [error] 3115#0: *2449 open() "/opt/cpguard/cpg-nginx/html/servlet/AdminService" failed (2: No such file or directory), client: 38.148.247.150, server: hostname, request: "POST /servlet/AdminService HTTP/1.1", host: "103.174.50.11:9098"
2026/03/09 17:37:56 [error] 3115#0: *2450 open() "/opt/cpguard/cpg-nginx/html/info.php" failed (2: No such file or directory), client: 38.148.247.150, server: hostname, request: "GET /info.php HTTP/1.1", host: "103.174.50.11:9098"
2026/03/09 17:37:56 [error] 3115#0: *2453 open() "/opt/cpguard/cpg-nginx/html/.svn/wc.db" failed (2: No such file or directory), client: 38.148.247.150, server: hostname, request: "GET /.svn/wc.db HTTP/1.1", host: "103.174.50.11:9098"
2026/03/09 17:37:56 [error] 3115#0: *2452 open() "/opt/cpguard/cpg-nginx/html/actuator/shutdown" failed (2: No such file or directory), client: 38.148.247.150, server: hostname, request: "GET /actuator/shutdown HTTP/1.1", host: "103.174.50.11:9098"
2026/03/09 17:37:56 [error] 3115#0: *2435 open() "/opt/cpguard/cpg-nginx/html/services/SOAPMonitor" failed (2: No such file or directory), client: 38.148.247.150, server: hostname, request: "GET /services/SOAPMonitor HTTP/1.1", host: "103.174.50.11:9098"
2026/03/09 17:37:56 [error] 3115#0: *2462 open() "/opt/cpguard/cpg-nginx/html/axis2/services/Version" failed (2: No such file or directory), client: 38.148.247.150, server: hostname, request: "GET /axis2/services/Version?xsd=../conf/axis2.xml HTTP/1.1", host: "103.174.50.11:9098"
2026/03/09 17:37:56 [error] 3115#0: *2434 open() "/opt/cpguard/cpg-nginx/html/..;/..;/heapdump" failed (2: No such file or directory), client: 38.148.247.150, server: hostname, request: "GET /..;/..;/heapdump HTTP/1.1", host: "103.174.50.11:9098"
2026/03/09 17:37:56 [error] 3115#0: *2440 open() "/opt/cpguard/cpg-nginx/html/Dockerfile.txt" failed (2: No such file or directory), client: 38.148.247.150, server: hostname, request: "GET /Dockerfile.txt HTTP/1.1", host: "103.174.50.11:9098"
2026/03/09 17:37:56 [error] 3115#0: *2438 open() "/opt/cpguard/cpg-nginx/html/htdocs.tar.gz" failed (2: No such file or directory), client: 38.148.247.150, server: hostname, request: "GET /htdocs.tar.gz HTTP/1.1", host: "103.174.50.11:9098"
2026/03/09 17:37:56 [error] 3115#0: *2459 open() "/opt/cpguard/cpg-nginx/html/.bash_history" failed (2: No such file or directory), client: 38.148.247.150, server: hostname, request: "GET /.bash_history HTTP/1.1", host: "103.174.50.11:9098"
2026/03/09 17:37:56 [error] 3115#0: *2456 open() "/opt/cpguard/cpg-nginx/html/swagger-resources/configuration/ui" failed (2: No such file or directory), client: 38.148.247.150, server: hostname, request: "GET /swagger-resources/configuration/ui HTTP/1.1", host: "103.174.50.11:9098"
2026/03/09 17:37:56 [error] 3115#0: *2443 open() "/opt/cpguard/cpg-nginx/html/upload.php" failed (2: No such file or directory), client: 38.148.247.150, server: hostname, request: "GET /upload.php HTTP/1.1", host: "103.174.50.11:9098"
2026/03/09 17:37:56 [error] 3115#0: *2445 open() "/opt/cpguard/cpg-nginx/html/axis/services/AdminService" failed (2: No such file or directory), client: 38.148.247.150, server: hostname, request: "GET /axis/services/AdminService HTTP/1.1", host: "103.174.50.11:9098"
2026/03/09 17:37:56 [error] 3115#0: *2448 open() "/opt/cpguard/cpg-nginx/html/axis/services/AdminService" failed (2: No such file or directory), client: 38.148.247.150, server: hostname, request: "POST /axis/services/AdminService HTTP/1.1", host: "103.174.50.11:9098"
2026/03/09 17:37:56 [error] 3115#0: *2450 open() "/opt/cpguard/cpg-nginx/html/i.php" failed (2: No such file or directory), client: 38.148.247.150, server: hostname, request: "GET /i.php HTTP/1.1", host: "103.174.50.11:9098"
2026/03/09 17:37:56 [error] 3115#0: *2446 open() "/opt/cpguard/cpg-nginx/html/env" failed (2: No such file or directory), client: 38.148.247.150, server: hostname, request: "GET /env HTTP/1.1", host: "103.174.50.11:9098"
2026/03/09 17:37:56 [error] 3115#0: *2453 open() "/opt/cpguard/cpg-nginx/html/servcies/AxisServlet/SOAPMonitor" failed (2: No such file or directory), client: 38.148.247.150, server: hostname, request: "GET /servcies/AxisServlet/SOAPMonitor HTTP/1.1", host: "103.174.50.11:9098"
2026/03/09 17:37:56 [error] 3115#0: *2462 open() "/opt/cpguard/cpg-nginx/html/actuator/..;/..;/heapdump" failed (2: No such file or directory), client: 38.148.247.150, server: hostname, request: "GET /actuator/..;/..;/heapdump HTTP/1.1", host: "103.174.50.11:9098"
2026/03/09 17:37:56 [error] 3115#0: *2438 open() "/opt/cpguard/cpg-nginx/html/webserver.tar.gz" failed (2: No such file or directory), client: 38.148.247.150, server: hostname, request: "GET /webserver.tar.gz HTTP/1.1", host: "103.174.50.11:9098"
2026/03/09 17:37:56 [error] 3115#0: *2440 open() "/opt/cpguard/cpg-nginx/html/DockerFile.txt" failed (2: No such file or directory), client: 38.148.247.150, server: hostname, request: "GET /DockerFile.txt HTTP/1.1", host: "103.174.50.11:9098"
2026/03/09 17:37:57 [error] 3115#0: *2456 open() "/opt/cpguard/cpg-nginx/html/swagger/v1/swagger.json" failed (2: No such file or directory), client: 38.148.247.150, server: hostname, request: "GET /swagger/v1/swagger.json HTTP/1.1", host: "103.174.50.11:9098"
2026/03/09 17:37:57 [error] 3115#0: *2459 open() "/opt/cpguard/cpg-nginx/html/.zsh_histroy" failed (2: No such file or directory), client: 38.148.247.150, server: hostname, request: "GET /.zsh_histroy HTTP/1.1", host: "103.174.50.11:9098"
2026/03/09 17:37:57 [error] 3115#0: *2443 open() "/opt/cpguard/cpg-nginx/html/upfile.php" failed (2: No such file or directory), client: 38.148.247.150, server: hostname, request: "GET /upfile.php HTTP/1.1", host: "103.174.50.11:9098"
2026/03/09 17:37:57 [error] 3115#0: *2445 open() "/opt/cpguard/cpg-nginx/html/axis2/services/AdminService" failed (2: No such file or directory), client: 38.148.247.150, server: hostname, request: "GET /axis2/services/AdminService HTTP/1.1", host: "103.174.50.11:9098"
2026/03/09 17:37:57 [error] 3115#0: *2448 open() "/opt/cpguard/cpg-nginx/html/axis2/services/AdminService" failed (2: No such file or directory), client: 38.148.247.150, server: hostname, request: "POST /axis2/services/AdminService HTTP/1.1", host: "103.174.50.11:9098"
2026/03/09 17:37:57 [error] 3115#0: *2450 open() "/opt/cpguard/cpg-nginx/html/tz.php" failed (2: No such file or directory), client: 38.148.247.150, server: hostname, request: "GET /tz.php HTTP/1.1", host: "103.174.50.11:9098"
2026/03/09 17:37:57 [error] 3115#0: *2446 open() "/opt/cpguard/cpg-nginx/html/env/..;/env" failed (2: No such file or directory), client: 38.148.247.150, server: hostname, request: "GET /env/..;//env HTTP/1.1", host: "103.174.50.11:9098"
2026/03/09 17:37:57 [error] 3115#0: *2453 open() "/opt/cpguard/cpg-nginx/html/axis/services/AdminService" failed (2: No such file or directory), client: 38.148.247.150, server: hostname, request: "GET /axis/services/AdminService HTTP/1.1", host: "103.174.50.11:9098"
2026/03/09 17:37:57 [error] 3115#0: *2462 open() "/opt/cpguard/cpg-nginx/html/dump" failed (2: No such file or directory), client: 38.148.247.150, server: hostname, request: "GET /dump HTTP/1.1", host: "103.174.50.11:9098"
2026/03/09 17:37:57 [error] 3115#0: *2438 open() "/opt/cpguard/cpg-nginx/html/tools.tar.gz" failed (2: No such file or directory), client: 38.148.247.150, server: hostname, request: "GET /tools.tar.gz HTTP/1.1", host: "103.174.50.11:9098"
2026/03/09 17:37:57 [error] 3115#0: *2440 open() "/opt/cpguard/cpg-nginx/html/dockerfile" failed (2: No such file or directory), client: 38.148.247.150, server: hostname, request: "GET /dockerfile HTTP/1.1", host: "103.174.50.11:9098"
2026/03/09 17:37:57 [error] 3115#0: *2443 open() "/opt/cpguard/cpg-nginx/html/upload.jsp" failed (2: No such file or directory), client: 38.148.247.150, server: hostname, request: "GET /upload.jsp HTTP/1.1", host: "103.174.50.11:9098"
2026/03/09 17:37:57 [error] 3115#0: *2459 open() "/opt/cpguard/cpg-nginx/html/axis/servlet/AdminService" failed (2: No such file or directory), client: 38.148.247.150, server: hostname, request: "GET /axis/servlet/AdminService HTTP/1.1", host: "103.174.50.11:9098"
2026/03/09 17:37:57 [error] 3115#0: *2448 open() "/opt/cpguard/cpg-nginx/html/axis/servlet/AdminService" failed (2: No such file or directory), client: 38.148.247.150, server: hostname, request: "POST /axis/servlet/AdminService HTTP/1.1", host: "103.174.50.11:9098"
2026/03/09 17:37:57 [error] 3115#0: *2450 open() "/opt/cpguard/cpg-nginx/html/php.php" failed (2: No such file or directory), client: 38.148.247.150, server: hostname, request: "GET /php.php HTTP/1.1", host: "103.174.50.11:9098"
2026/03/09 17:37:57 [error] 3115#0: *2446 open() "/opt/cpguard/cpg-nginx/html/mappings" failed (2: No such file or directory), client: 38.148.247.150, server: hostname, request: "GET /mappings HTTP/1.1", host: "103.174.50.11:9098"
2026/03/09 17:37:57 [error] 3115#0: *2453 open() "/opt/cpguard/cpg-nginx/html/servlet/AxisServlet/SOAPMonitor" failed (2: No such file or directory), client: 38.148.247.150, server: hostname, request: "GET /servlet/AxisServlet/SOAPMonitor HTTP/1.1", host: "103.174.50.11:9098"
2026/03/09 17:37:57 [error] 3115#0: *2462 open() "/opt/cpguard/cpg-nginx/html/actuator/threaddump" failed (2: No such file or directory), client: 38.148.247.150, server: hostname, request: "GET /actuator/threaddump HTTP/1.1", host: "103.174.50.11:9098"
2026/03/09 17:37:57 [error] 3115#0: *2438 open() "/opt/cpguard/cpg-nginx/html/webroot.zip" failed (2: No such file or directory), client: 38.148.247.150, server: hostname, request: "GET /webroot.zip HTTP/1.1", host: "103.174.50.11:9098"
2026/03/09 17:37:57 [error] 3115#0: *2440 open() "/opt/cpguard/cpg-nginx/html/docker-compose.yml" failed (2: No such file or directory), client: 38.148.247.150, server: hostname, request: "GET /docker-compose.yml HTTP/1.1", host: "103.174.50.11:9098"
2026/03/09 17:37:57 [error] 3115#0: *2443 open() "/opt/cpguard/cpg-nginx/html/upfile.jsp" failed (2: No such file or directory), client: 38.148.247.150, server: hostname, request: "GET /upfile.jsp HTTP/1.1", host: "103.174.50.11:9098"
2026/03/09 17:37:57 [error] 3115#0: *2456 open() "/opt/cpguard/cpg-nginx/html/v2/api-docs" failed (2: No such file or directory), client: 38.148.247.150, server: hostname, request: "GET /v2/api-docs HTTP/1.1", host: "103.174.50.11:9098"
2026/03/09 17:37:57 [error] 3115#0: *2459 open() "/opt/cpguard/cpg-nginx/html/axis2/servlet/AdminService" failed (2: No such file or directory), client: 38.148.247.150, server: hostname, request: "GET /axis2/servlet/AdminService HTTP/1.1", host: "103.174.50.11:9098"
2026/03/09 17:37:57 [error] 3115#0: *2448 open() "/opt/cpguard/cpg-nginx/html/axis2/servlet/AdminService" failed (2: No such file or directory), client: 38.148.247.150, server: hostname, request: "POST /axis2/servlet/AdminService HTTP/1.1", host: "103.174.50.11:9098"
2026/03/09 17:37:57 [error] 3115#0: *2450 open() "/opt/cpguard/cpg-nginx/html/test.php" failed (2: No such file or directory), client: 38.148.247.150, server: hostname, request: "GET /test.php HTTP/1.1", host: "103.174.50.11:9098"
2026/03/09 17:37:57 [error] 3115#0: *2446 open() "/opt/cpguard/cpg-nginx/html/mappings/..;/mappings" failed (2: No such file or directory), client: 38.148.247.150, server: hostname, request: "GET /mappings/..;//mappings HTTP/1.1", host: "103.174.50.11:9098"
2026/03/09 17:37:57 [error] 3115#0: *2453 open() "/opt/cpguard/cpg-nginx/html/axis/SOAPMonitor" failed (2: No such file or directory), client: 38.148.247.150, server: hostname, request: "GET /axis/SOAPMonitor HTTP/1.1", host: "103.174.50.11:9098"
2026/03/09 17:37:57 [error] 3115#0: *2462 open() "/opt/cpguard/cpg-nginx/html/site.tar.gz" failed (2: No such file or directory), client: 38.148.247.150, server: hostname, request: "GET /site.tar.gz HTTP/1.1", host: "103.174.50.11:9098"
2026/03/09 17:37:57 [error] 3115#0: *2440 open() "/opt/cpguard/cpg-nginx/html/docker-compose.yaml" failed (2: No such file or directory), client: 38.148.247.150, server: hostname, request: "GET /docker-compose.yaml HTTP/1.1", host: "103.174.50.11:9098"
2026/03/09 17:37:57 [error] 3115#0: *2443 open() "/opt/cpguard/cpg-nginx/html/upload.do" failed (2: No such file or directory), client: 38.148.247.150, server: hostname, request: "GET /upload.do HTTP/1.1", host: "103.174.50.11:9098"
2026/03/09 17:37:57 [error] 3115#0: *2456 open() "/opt/cpguard/cpg-nginx/html/v2/api-docs.json" failed (2: No such file or directory), client: 38.148.247.150, server: hostname, request: "GET /v2/api-docs.json HTTP/1.1", host: "103.174.50.11:9098"
2026/03/09 17:37:57 [error] 3115#0: *2459 open() "/opt/cpguard/cpg-nginx/html/services/AxisServlet/AdminService" failed (2: No such file or directory), client: 38.148.247.150, server: hostname, request: "GET /services/AxisServlet/AdminService HTTP/1.1", host: "103.174.50.11:9098"
2026/03/09 17:37:57 [error] 3115#0: *2448 open() "/opt/cpguard/cpg-nginx/html/services/AxisServlet/AdminService" failed (2: No such file or directory), client: 38.148.247.150, server: hostname, request: "POST /services/AxisServlet/AdminService HTTP/1.1", host: "103.174.50.11:9098"
2026/03/09 17:37:57 [error] 3115#0: *2450 open() "/opt/cpguard/cpg-nginx/html/index.php" failed (2: No such file or directory), client: 38.148.247.150, server: hostname, request: "GET /index.php HTTP/1.1", host: "103.174.50.11:9098"
2026/03/09 17:37:57 [error] 3115#0: *2446 open() "/opt/cpguard/cpg-nginx/html/autoconfig" failed (2: No such file or directory), client: 38.148.247.150, server: hostname, request: "GET /autoconfig HTTP/1.1", host: "103.174.50.11:9098"
2026/03/09 17:37:57 [error] 3115#0: *2453 open() "/opt/cpguard/cpg-nginx/html/org.apache.axis.monitor.SOAPMonitorService" failed (2: No such file or directory), client: 38.148.247.150, server: hostname, request: "GET /org.apache.axis.monitor.SOAPMonitorService HTTP/1.1", host: "103.174.50.11:9098"
2026/03/09 17:37:57 [error] 3115#0: *2462 open() "/opt/cpguard/cpg-nginx/html/install.tar.gz" failed (2: No such file or directory), client: 38.148.247.150, server: hostname, request: "GET /install.tar.gz HTTP/1.1", host: "103.174.50.11:9098"
2026/03/09 17:37:57 [error] 3115#0: *2440 open() "/opt/cpguard/cpg-nginx/html/docker-compose.json" failed (2: No such file or directory), client: 38.148.247.150, server: hostname, request: "GET /docker-compose.json HTTP/1.1", host: "103.174.50.11:9098"
2026/03/09 17:37:57 [error] 3115#0: *2443 open() "/opt/cpguard/cpg-nginx/html/upfile.do" failed (2: No such file or directory), client: 38.148.247.150, server: hostname, request: "GET /upfile.do HTTP/1.1", host: "103.174.50.11:9098"
2026/03/09 17:37:58 [error] 3115#0: *2448 open() "/opt/cpguard/cpg-nginx/html/servlet/AxisServlet/AdminService" failed (2: No such file or directory), client: 38.148.247.150, server: hostname, request: "POST /servlet/AxisServlet/AdminService HTTP/1.1", host: "103.174.50.11:9098"
2026/03/09 17:37:58 [error] 3115#0: *2459 open() "/opt/cpguard/cpg-nginx/html/servlet/AxisServlet/AdminService" failed (2: No such file or directory), client: 38.148.247.150, server: hostname, request: "GET /servlet/AxisServlet/AdminService HTTP/1.1", host: "103.174.50.11:9098"
2026/03/09 17:37:58 [error] 3115#0: *2450 open() "/opt/cpguard/cpg-nginx/html/1.php" failed (2: No such file or directory), client: 38.148.247.150, server: hostname, request: "GET /1.php HTTP/1.1", host: "103.174.50.11:9098"
2026/03/09 17:37:58 [error] 3115#0: *2446 open() "/opt/cpguard/cpg-nginx/html/autoconfig/..;/autoconfig" failed (2: No such file or directory), client: 38.148.247.150, server: hostname, request: "GET /autoconfig/..;//autoconfig HTTP/1.1", host: "103.174.50.11:9098"
2026/03/09 17:37:58 [error] 3115#0: *2462 open() "/opt/cpguard/cpg-nginx/html/build.tar.gz" failed (2: No such file or directory), client: 38.148.247.150, server: hostname, request: "GET /build.tar.gz HTTP/1.1", host: "103.174.50.11:9098"
2026/03/09 17:37:58 [error] 3115#0: *2453 open() "/opt/cpguard/cpg-nginx/html/services/org.apache.axis.monitor.SOAPMonitorService" failed (2: No such file or directory), client: 38.148.247.150, server: hostname, request: "GET /services/org.apache.axis.monitor.SOAPMonitorService HTTP/1.1", host: "103.174.50.11:9098"
2026/03/09 17:37:58 [error] 3115#0: *2440 open() "/opt/cpguard/cpg-nginx/html/docker-compose.jsonl" failed (2: No such file or directory), client: 38.148.247.150, server: hostname, request: "GET /docker-compose.jsonl HTTP/1.1", host: "103.174.50.11:9098"
2026/03/09 17:37:58 [error] 3115#0: *2443 open() "/opt/cpguard/cpg-nginx/html/upload.asp" failed (2: No such file or directory), client: 38.148.247.150, server: hostname, request: "GET /upload.asp HTTP/1.1", host: "103.174.50.11:9098"
2026/03/09 17:37:58 [error] 3115#0: *2451 open() "/opt/cpguard/cpg-nginx/html/ws/AdminService" failed (2: No such file or directory), client: 38.148.247.150, server: hostname, request: "POST /ws/AdminService HTTP/1.1", host: "103.174.50.11:9098"
2026/03/09 17:37:58 [error] 3115#0: *2450 open() "/opt/cpguard/cpg-nginx/html/p.php" failed (2: No such file or directory), client: 38.148.247.150, server: hostname, request: "GET /p.php HTTP/1.1", host: "103.174.50.11:9098"
2026/03/09 17:37:58 [error] 3115#0: *2459 open() "/opt/cpguard/cpg-nginx/html/ws/AdminService" failed (2: No such file or directory), client: 38.148.247.150, server: hostname, request: "GET /ws/AdminService HTTP/1.1", host: "103.174.50.11:9098"
2026/03/09 17:37:58 [error] 3115#0: *2446 open() "/opt/cpguard/cpg-nginx/html/beans" failed (2: No such file or directory), client: 38.148.247.150, server: hostname, request: "GET /beans HTTP/1.1", host: "103.174.50.11:9098"
2026/03/09 17:37:58 [error] 3115#0: *2462 open() "/opt/cpguard/cpg-nginx/html/deploy.tar.gz" failed (2: No such file or directory), client: 38.148.247.150, server: hostname, request: "GET /deploy.tar.gz HTTP/1.1", host: "103.174.50.11:9098"
2026/03/09 17:37:58 [error] 3115#0: *2453 open() "/opt/cpguard/cpg-nginx/html/ws/SOAPMonitor" failed (2: No such file or directory), client: 38.148.247.150, server: hostname, request: "GET /ws/SOAPMonitor HTTP/1.1", host: "103.174.50.11:9098"
2026/03/09 17:37:58 [error] 3115#0: *2440 open() "/opt/cpguard/cpg-nginx/html/docker-compose.jsonl.gz" failed (2: No such file or directory), client: 38.148.247.150, server: hostname, request: "GET /docker-compose.jsonl.gz HTTP/1.1", host: "103.174.50.11:9098"
2026/03/09 17:37:58 [error] 3115#0: *2443 open() "/opt/cpguard/cpg-nginx/html/upfile.asp" failed (2: No such file or directory), client: 38.148.247.150, server: hostname, request: "GET /upfile.asp HTTP/1.1", host: "103.174.50.11:9098"
2026/03/09 17:37:58 [error] 3115#0: *2450 open() "/opt/cpguard/cpg-nginx/html/debug.php" failed (2: No such file or directory), client: 38.148.247.150, server: hostname, request: "GET /debug.php HTTP/1.1", host: "103.174.50.11:9098"
2026/03/09 17:37:58 [error] 3115#0: *2459 open() "/opt/cpguard/cpg-nginx/html/beans/..;/beans" failed (2: No such file or directory), client: 38.148.247.150, server: hostname, request: "GET /beans/..;//beans HTTP/1.1", host: "103.174.50.11:9098"
2026/03/09 17:37:58 [error] 3115#0: *2462 open() "/opt/cpguard/cpg-nginx/html/html.tar.gz" failed (2: No such file or directory), client: 38.148.247.150, server: hostname, request: "GET /html.tar.gz HTTP/1.1", host: "103.174.50.11:9098"
2026/03/09 17:37:58 [error] 3115#0: *2453 open() "/opt/cpguard/cpg-nginx/html/ws/org.apache.axis.monitor.SOAPMonitorService" failed (2: No such file or directory), client: 38.148.247.150, server: hostname, request: "GET /ws/org.apache.axis.monitor.SOAPMonitorService HTTP/1.1", host: "103.174.50.11:9098"
2026/03/09 17:37:58 [error] 3115#0: *2450 open() "/opt/cpguard/cpg-nginx/html/configprops" failed (2: No such file or directory), client: 38.148.247.150, server: hostname, request: "GET /configprops HTTP/1.1", host: "103.174.50.11:9098"
2026/03/09 17:37:58 [error] 3115#0: *2462 open() "/opt/cpguard/cpg-nginx/html/archive.tar.gz" failed (2: No such file or directory), client: 38.148.247.150, server: hostname, request: "GET /archive.tar.gz HTTP/1.1", host: "103.174.50.11:9098"
2026/03/09 17:37:58 [error] 3115#0: *2453 open() "/opt/cpguard/cpg-nginx/html/ws/servlet/org.apache.axis.monitor.SOAPMonitorService" failed (2: No such file or directory), client: 38.148.247.150, server: hostname, request: "GET /ws/servlet/org.apache.axis.monitor.SOAPMonitorService HTTP/1.1", host: "103.174.50.11:9098"
2026/03/09 17:37:59 [error] 3115#0: *2450 open() "/opt/cpguard/cpg-nginx/html/configprops/..;/configprops" failed (2: No such file or directory), client: 38.148.247.150, server: hostname, request: "GET /configprops/..;//configprops HTTP/1.1", host: "103.174.50.11:9098"
2026/03/09 17:37:59 [error] 3115#0: *2462 open() "/opt/cpguard/cpg-nginx/html/archive.zip" failed (2: No such file or directory), client: 38.148.247.150, server: hostname, request: "GET /archive.zip HTTP/1.1", host: "103.174.50.11:9098"
2026/03/09 17:37:59 [error] 3115#0: *2450 open() "/opt/cpguard/cpg-nginx/html/trace" failed (2: No such file or directory), client: 38.148.247.150, server: hostname, request: "GET /trace HTTP/1.1", host: "103.174.50.11:9098"
2026/03/09 17:37:59 [error] 3115#0: *2462 open() "/opt/cpguard/cpg-nginx/html/admin.zip" failed (2: No such file or directory), client: 38.148.247.150, server: hostname, request: "GET /admin.zip HTTP/1.1", host: "103.174.50.11:9098"
2026/03/09 17:37:59 [error] 3115#0: *2450 open() "/opt/cpguard/cpg-nginx/html/trace/..;/trace" failed (2: No such file or directory), client: 38.148.247.150, server: hostname, request: "GET /trace/..;//trace HTTP/1.1", host: "103.174.50.11:9098"
2026/03/09 17:37:59 [error] 3115#0: *2462 open() "/opt/cpguard/cpg-nginx/html/{dynamic}" failed (2: No such file or directory), client: 38.148.247.150, server: hostname, request: "GET https://103.174.50.11:9098/{dynamic} HTTP/1.1", host: "103.174.50.11:9098"
2026/03/09 17:37:59 [error] 3115#0: *2450 open() "/opt/cpguard/cpg-nginx/html/actuator/env" failed (2: No such file or directory), client: 38.148.247.150, server: hostname, request: "GET /actuator/env HTTP/1.1", host: "103.174.50.11:9098"
2026/03/09 17:37:59 [error] 3115#0: *2450 open() "/opt/cpguard/cpg-nginx/html/actuator/actuator/env/..;/..;/actuator/env" failed (2: No such file or directory), client: 38.148.247.150, server: hostname, request: "GET /actuator/actuator/env/..;/..;//actuator/env HTTP/1.1", host: "103.174.50.11:9098"
2026/03/09 17:38:00 [error] 3115#0: *2450 open() "/opt/cpguard/cpg-nginx/html/actuator/mappings" failed (2: No such file or directory), client: 38.148.247.150, server: hostname, request: "GET /actuator/mappings HTTP/1.1", host: "103.174.50.11:9098"
2026/03/09 17:38:00 [error] 3115#0: *2462 open() "/opt/cpguard/cpg-nginx/html/swagger-resources" failed (2: No such file or directory), client: 38.148.247.150, server: hostname, request: "GET /swagger-resources HTTP/1.1", host: "103.174.50.11:9098"
2026/03/09 17:38:00 [error] 3115#0: *2450 open() "/opt/cpguard/cpg-nginx/html/actuator/actuator/mappings/..;/..;/actuator/mappings" failed (2: No such file or directory), client: 38.148.247.150, server: hostname, request: "GET /actuator/actuator/mappings/..;/..;//actuator/mappings HTTP/1.1", host: "103.174.50.11:9098"
2026/03/09 17:38:00 [error] 3115#0: *2462 open() "/opt/cpguard/cpg-nginx/html/swagger-resources/configuration/security" failed (2: No such file or directory), client: 38.148.247.150, server: hostname, request: "GET /swagger-resources/configuration/security HTTP/1.1", host: "103.174.50.11:9098"
2026/03/09 17:38:00 [error] 3115#0: *2450 open() "/opt/cpguard/cpg-nginx/html/actuator/conditions" failed (2: No such file or directory), client: 38.148.247.150, server: hostname, request: "GET /actuator/conditions HTTP/1.1", host: "103.174.50.11:9098"
2026/03/09 17:38:00 [error] 3115#0: *2462 open() "/opt/cpguard/cpg-nginx/html/swagger/Default/swagger.json" failed (2: No such file or directory), client: 38.148.247.150, server: hostname, request: "GET /swagger/Default/swagger.json HTTP/1.1", host: "103.174.50.11:9098"
2026/03/09 17:38:00 [error] 3115#0: *2450 open() "/opt/cpguard/cpg-nginx/html/actuator/actuator/conditions/..;/..;/actuator/conditions" failed (2: No such file or directory), client: 38.148.247.150, server: hostname, request: "GET /actuator/actuator/conditions/..;/..;//actuator/conditions HTTP/1.1", host: "103.174.50.11:9098"
2026/03/09 17:38:00 [error] 3115#0: *2462 open() "/opt/cpguard/cpg-nginx/html/swagger-ui.json" failed (2: No such file or directory), client: 38.148.247.150, server: hostname, request: "GET /swagger-ui.json HTTP/1.1", host: "103.174.50.11:9098"
2026/03/09 17:38:01 [error] 3115#0: *2450 open() "/opt/cpguard/cpg-nginx/html/actuator/beans" failed (2: No such file or directory), client: 38.148.247.150, server: hostname, request: "GET /actuator/beans HTTP/1.1", host: "103.174.50.11:9098"
2026/03/09 17:38:01 [error] 3115#0: *2462 open() "/opt/cpguard/cpg-nginx/html/swagger-ui/swagger.json" failed (2: No such file or directory), client: 38.148.247.150, server: hostname, request: "GET /swagger-ui/swagger.json HTTP/1.1", host: "103.174.50.11:9098"
2026/03/09 17:38:01 [error] 3115#0: *2450 open() "/opt/cpguard/cpg-nginx/html/actuator/actuator/beans/..;/..;/actuator/beans" failed (2: No such file or directory), client: 38.148.247.150, server: hostname, request: "GET /actuator/actuator/beans/..;/..;//actuator/beans HTTP/1.1", host: "103.174.50.11:9098"
2026/03/09 17:38:01 [error] 3115#0: *2462 open() "/opt/cpguard/cpg-nginx/html/swagger.json" failed (2: No such file or directory), client: 38.148.247.150, server: hostname, request: "GET /swagger.json HTTP/1.1", host: "103.174.50.11:9098"
2026/03/09 17:38:01 [error] 3115#0: *2450 open() "/opt/cpguard/cpg-nginx/html/actuator/configprops" failed (2: No such file or directory), client: 38.148.247.150, server: hostname, request: "GET /actuator/configprops HTTP/1.1", host: "103.174.50.11:9098"
2026/03/09 17:38:01 [error] 3115#0: *2462 open() "/opt/cpguard/cpg-nginx/html/v1/swagger.json" failed (2: No such file or directory), client: 38.148.247.150, server: hostname, request: "GET /v1/swagger.json HTTP/1.1", host: "103.174.50.11:9098"
2026/03/09 17:38:01 [error] 3115#0: *2450 open() "/opt/cpguard/cpg-nginx/html/actuator/actuator/configprops/..;/..;/actuator/configprops" failed (2: No such file or directory), client: 38.148.247.150, server: hostname, request: "GET /actuator/actuator/configprops/..;/..;//actuator/configprops HTTP/1.1", host: "103.174.50.11:9098"
2026/03/09 17:38:01 [error] 3115#0: *2462 open() "/opt/cpguard/cpg-nginx/html/v2/swagger.json" failed (2: No such file or directory), client: 38.148.247.150, server: hostname, request: "GET /v2/swagger.json HTTP/1.1", host: "103.174.50.11:9098"
2026/03/09 17:38:02 [error] 3115#0: *2450 open() "/opt/cpguard/cpg-nginx/html/actuator/httptrace" failed (2: No such file or directory), client: 38.148.247.150, server: hostname, request: "GET /actuator/httptrace HTTP/1.1", host: "103.174.50.11:9098"
2026/03/09 17:38:02 [error] 3115#0: *2462 open() "/opt/cpguard/cpg-nginx/html/..;/v2/api-docs" failed (2: No such file or directory), client: 38.148.247.150, server: hostname, request: "GET /..;/v2/api-docs HTTP/1.1", host: "103.174.50.11:9098"
2026/03/09 17:38:02 [error] 3115#0: *2450 open() "/opt/cpguard/cpg-nginx/html/actuator/actuator/httptrace/..;/..;/actuator/httptrace" failed (2: No such file or directory), client: 38.148.247.150, server: hostname, request: "GET /actuator/actuator/httptrace/..;/..;//actuator/httptrace HTTP/1.1", host: "103.174.50.11:9098"
2026/03/09 17:38:02 [error] 3115#0: *2462 open() "/opt/cpguard/cpg-nginx/html/..;/v2/api-docs.json" failed (2: No such file or directory), client: 38.148.247.150, server: hostname, request: "GET /..;/v2/api-docs.json HTTP/1.1", host: "103.174.50.11:9098"
2026/03/09 17:38:02 [error] 3115#0: *2450 open() "/opt/cpguard/cpg-nginx/html/swagger/v2/swagger.json" failed (2: No such file or directory), client: 38.148.247.150, server: hostname, request: "GET /swagger/v2/swagger.json HTTP/1.1", host: "103.174.50.11:9098"
2026/03/09 17:38:02 [error] 3115#0: *2450 open() "/opt/cpguard/cpg-nginx/html/spec.json" failed (2: No such file or directory), client: 38.148.247.150, server: hostname, request: "GET /spec.json HTTP/1.1", host: "103.174.50.11:9098"
2026/03/09 17:38:03 [error] 3115#0: *2450 open() "/opt/cpguard/cpg-nginx/html/v1/api-docs" failed (2: No such file or directory), client: 38.148.247.150, server: hostname, request: "GET /v1/api-docs HTTP/1.1", host: "103.174.50.11:9098"
2026/03/09 17:38:03 [error] 3115#0: *2450 open() "/opt/cpguard/cpg-nginx/html/v3/api-docs" failed (2: No such file or directory), client: 38.148.247.150, server: hostname, request: "GET /v3/api-docs HTTP/1.1", host: "103.174.50.11:9098"
2026/03/09 17:38:03 [error] 3115#0: *2450 open() "/opt/cpguard/cpg-nginx/html/docs" failed (2: No such file or directory), client: 38.148.247.150, server: hostname, request: "GET /docs HTTP/1.1", host: "103.174.50.11:9098"
2026/03/09 17:38:03 [error] 3115#0: *2450 open() "/opt/cpguard/cpg-nginx/html/swagger" failed (2: No such file or directory), client: 38.148.247.150, server: hostname, request: "GET /swagger HTTP/1.1", host: "103.174.50.11:9098"
2026/03/09 17:38:03 [error] 3115#0: *2450 open() "/opt/cpguard/cpg-nginx/html/swagger/doc.json" failed (2: No such file or directory), client: 38.148.247.150, server: hostname, request: "GET /swagger/doc.json HTTP/1.1", host: "103.174.50.11:9098"
2026/03/09 17:38:04 [error] 3115#0: *2450 open() "/opt/cpguard/cpg-nginx/html/swagger-ui/index.html" failed (2: No such file or directory), client: 38.148.247.150, server: hostname, request: "GET /swagger-ui/index.html HTTP/1.1", host: "103.174.50.11:9098"
2026/03/09 17:38:04 [error] 3115#0: *2450 open() "/opt/cpguard/cpg-nginx/html/swagger.yaml" failed (2: No such file or directory), client: 38.148.247.150, server: hostname, request: "GET /swagger.yaml HTTP/1.1", host: "103.174.50.11:9098"
2026/03/09 17:38:04 [error] 3115#0: *2450 "/opt/cpguard/cpg-nginx/html/v3/api-docs/index.html" is not found (2: No such file or directory), client: 38.148.247.150, server: hostname, request: "GET /v3/api-docs/ HTTP/1.1", host: "103.174.50.11:9098"
2026/03/09 20:02:43 [error] 3115#0: *2494 FastCGI sent in stderr: "Unable to open primary script: /opt/cpguard/app/api/public/phpinfo.php (No such file or directory)" while reading response header from upstream, client: 38.148.247.149, server: hostname, request: "GET /api/phpinfo.php HTTP/1.1", upstream: "fastcgi://unix:/opt/cpguard/cpg-php-fpm/var/run/cpgphp-cgi.sock:", host: "103.174.50.11:9098"
2026/03/09 20:02:44 [error] 3115#0: *2494 FastCGI sent in stderr: "Unable to open primary script: /opt/cpguard/app/api/public/info.php (No such file or directory)" while reading response header from upstream, client: 38.148.247.149, server: hostname, request: "GET /api/info.php HTTP/1.1", upstream: "fastcgi://unix:/opt/cpguard/cpg-php-fpm/var/run/cpgphp-cgi.sock:", host: "103.174.50.11:9098"
2026/03/09 20:02:44 [error] 3115#0: *2494 FastCGI sent in stderr: "Unable to open primary script: /opt/cpguard/app/api/public/i.php (No such file or directory)" while reading response header from upstream, client: 38.148.247.149, server: hostname, request: "GET /api/i.php HTTP/1.1", upstream: "fastcgi://unix:/opt/cpguard/cpg-php-fpm/var/run/cpgphp-cgi.sock:", host: "103.174.50.11:9098"
2026/03/09 20:02:44 [error] 3115#0: *2502 FastCGI sent in stderr: "Unable to open primary script: /opt/cpguard/app/api/public/upload.php (No such file or directory)" while reading response header from upstream, client: 38.148.247.149, server: hostname, request: "GET /api/upload.php HTTP/1.1", upstream: "fastcgi://unix:/opt/cpguard/cpg-php-fpm/var/run/cpgphp-cgi.sock:", host: "103.174.50.11:9098"
2026/03/09 20:02:44 [error] 3115#0: *2494 FastCGI sent in stderr: "Unable to open primary script: /opt/cpguard/app/api/public/tz.php (No such file or directory)" while reading response header from upstream, client: 38.148.247.149, server: hostname, request: "GET /api/tz.php HTTP/1.1", upstream: "fastcgi://unix:/opt/cpguard/cpg-php-fpm/var/run/cpgphp-cgi.sock:", host: "103.174.50.11:9098"
2026/03/09 20:02:44 [error] 3115#0: *2502 FastCGI sent in stderr: "Unable to open primary script: /opt/cpguard/app/api/public/upfile.php (No such file or directory)" while reading response header from upstream, client: 38.148.247.149, server: hostname, request: "GET /api/upfile.php HTTP/1.1", upstream: "fastcgi://unix:/opt/cpguard/cpg-php-fpm/var/run/cpgphp-cgi.sock:", host: "103.174.50.11:9098"
2026/03/09 20:02:44 [error] 3115#0: *2494 FastCGI sent in stderr: "Unable to open primary script: /opt/cpguard/app/api/public/php.php (No such file or directory)" while reading response header from upstream, client: 38.148.247.149, server: hostname, request: "GET /api/php.php HTTP/1.1", upstream: "fastcgi://unix:/opt/cpguard/cpg-php-fpm/var/run/cpgphp-cgi.sock:", host: "103.174.50.11:9098"
2026/03/09 20:02:45 [error] 3115#0: *2494 FastCGI sent in stderr: "Unable to open primary script: /opt/cpguard/app/api/public/test.php (No such file or directory)" while reading response header from upstream, client: 38.148.247.149, server: hostname, request: "GET /api/test.php HTTP/1.1", upstream: "fastcgi://unix:/opt/cpguard/cpg-php-fpm/var/run/cpgphp-cgi.sock:", host: "103.174.50.11:9098"
2026/03/09 20:02:45 [error] 3115#0: *2494 FastCGI sent in stderr: "Unable to open primary script: /opt/cpguard/app/api/public/1.php (No such file or directory)" while reading response header from upstream, client: 38.148.247.149, server: hostname, request: "GET /api/1.php HTTP/1.1", upstream: "fastcgi://unix:/opt/cpguard/cpg-php-fpm/var/run/cpgphp-cgi.sock:", host: "103.174.50.11:9098"
2026/03/09 20:02:45 [error] 3115#0: *2488 FastCGI sent in stderr: "Unable to open primary script: /opt/cpguard/app/api/public/p.php (No such file or directory)" while reading response header from upstream, client: 38.148.247.149, server: hostname, request: "GET /api/p.php HTTP/1.1", upstream: "fastcgi://unix:/opt/cpguard/cpg-php-fpm/var/run/cpgphp-cgi.sock:", host: "103.174.50.11:9098"
2026/03/09 20:02:46 [error] 3115#0: *2488 FastCGI sent in stderr: "Unable to open primary script: /opt/cpguard/app/api/public/debug.php (No such file or directory)" while reading response header from upstream, client: 38.148.247.149, server: hostname, request: "GET /api/debug.php HTTP/1.1", upstream: "fastcgi://unix:/opt/cpguard/cpg-php-fpm/var/run/cpgphp-cgi.sock:", host: "103.174.50.11:9098"
2026/03/10 18:27:36 [error] 3115#0: *2684 open() "/opt/cpguard/cpg-nginx/html/favicon.ico" failed (2: No such file or directory), client: 193.32.162.213, server: hostname, request: "GET /favicon.ico HTTP/1.1", host: "103.174.50.11"
2026/03/11 11:26:55 [error] 3115#0: *2689 open() "/opt/cpguard/cpg-nginx/html/favicon.ico" failed (2: No such file or directory), client: 167.94.138.117, server: hostname, request: "GET /favicon.ico HTTP/1.1", host: "103.174.50.11:9098"
2026/03/11 11:27:19 [error] 3115#0: *2693 open() "/opt/cpguard/cpg-nginx/html/sitemap.xml" failed (2: No such file or directory), client: 167.94.138.117, server: hostname, request: "GET /sitemap.xml HTTP/1.1", host: "103.174.50.11:9098"
2026/03/12 03:56:40 [error] 3115#0: *2722 open() "/opt/cpguard/cpg-nginx/html/login.php" failed (2: No such file or directory), client: 172.232.232.10, server: hostname, request: "GET /login.php HTTP/1.1", host: "turbo.secureservercompany.com:9098"
2026/03/12 03:56:40 [error] 3115#0: *2725 "/opt/cpguard/cpg-nginx/html/CFIDE/componentutils/index.html" is not found (2: No such file or directory), client: 172.232.232.10, server: hostname, request: "GET /CFIDE/componentutils/ HTTP/1.1", host: "turbo.secureservercompany.com:9098"
2026/03/12 03:56:40 [error] 3115#0: *2727 open() "/opt/cpguard/cpg-nginx/html/ise/img/rm-logo_small.png" failed (2: No such file or directory), client: 172.232.232.10, server: hostname, request: "GET /ise/img/rm-logo_small.png HTTP/1.1", host: "turbo.secureservercompany.com:9098"
2026/03/12 03:56:40 [error] 3115#0: *2726 open() "/opt/cpguard/cpg-nginx/html/main.shtml" failed (2: No such file or directory), client: 172.232.232.10, server: hostname, request: "GET /main.shtml HTTP/1.1", host: "turbo.secureservercompany.com:9098"
2026/03/12 03:56:40 [error] 3115#0: *2729 open() "/opt/cpguard/cpg-nginx/html/user" failed (2: No such file or directory), client: 172.232.232.10, server: hostname, request: "GET /user HTTP/1.1", host: "turbo.secureservercompany.com:9098"
2026/03/12 03:56:40 [error] 3115#0: *2728 open() "/opt/cpguard/cpg-nginx/html/rest/applinks/1.0/manifest" failed (2: No such file or directory), client: 172.232.232.10, server: hostname, request: "GET /rest/applinks/1.0/manifest HTTP/1.1", host: "turbo.secureservercompany.com:9098"
2026/03/12 03:56:41 [error] 3115#0: *2730 "/opt/cpguard/cpg-nginx/html/dashboard/index.html" is not found (2: No such file or directory), client: 172.232.232.10, server: hostname, request: "GET /dashboard/ HTTP/1.1", host: "turbo.secureservercompany.com:9098"
2026/03/12 03:56:41 [error] 3115#0: *2731 open() "/opt/cpguard/cpg-nginx/html/geoserver/web/wicket/bookmarkable/org.geoserver.web.AboutGeoServerPage" failed (2: No such file or directory), client: 172.232.232.10, server: hostname, request: "GET /geoserver/web/wicket/bookmarkable/org.geoserver.web.AboutGeoServerPage HTTP/1.1", host: "turbo.secureservercompany.com:9098"
2026/03/12 03:56:41 [error] 3115#0: *2732 "/opt/cpguard/cpg-nginx/html/geoserver/index.html" is not found (2: No such file or directory), client: 172.232.232.10, server: hostname, request: "GET /geoserver/ HTTP/1.1", host: "turbo.secureservercompany.com:9098"
2026/03/12 03:56:41 [error] 3115#0: *2734 open() "/opt/cpguard/cpg-nginx/html/confluence/rest/applinks/1.0/manifest" failed (2: No such file or directory), client: 172.232.232.10, server: hostname, request: "GET /confluence/rest/applinks/1.0/manifest HTTP/1.1", host: "turbo.secureservercompany.com:9098"
